t is the highest common factor of 301903 and 6608?
413
What is the highest common divisor of 3 and 92280?
3
What is the highest common factor of 44128 and 14?
14
Calculate the greatest common divisor of 1546529 and 1257.
419
What is the greatest common divisor of 6 and 6332376?
6
What is the highest common divisor of 219044 and 28?
28
Calculate the greatest common divisor of 2576 and 33120.
368
Calculate the highest common divisor of 56 and 16816.
8
Calculate the greatest common factor of 361 and 266.
19
Calculate the highest common factor of 216707 and 118.
59
What is the highest common divisor of 92 and 1086014?
46
Calculate the highest common divisor of 72150 and 592.
74
Calculate the highest common factor of 62379 and 5742.
261
Calculate the highest common factor of 11618 and 259.
37
Calculate the greatest common factor of 33892 and 1036.
148
What is the highest common divisor of 13087 and 483?
23
Calculate the greatest common factor of 2747 and 10783.
41
Calculate the highest common divisor of 43646 and 32526.
278
Calculate the greatest common factor of 4716 and 524.
524
What is the highest common divisor of 928510 and 230?
230
What is the greatest common factor of 314767 and 106?
53
What is the greatest common divisor of 653842 and 14?
14
Calculate the greatest common divisor of 8290 and 366418.
1658
Calculate the highest common divisor of 760 and 24415.
95
What is the greatest common factor of 262249 and 78?
13
What is the greatest common factor of 50592 and 1377?
51
What is the greatest common factor of 477 and 1746?
9
What is the greatest common divisor of 9644 and 2348?
4
What is the greatest common factor of 10 and 315?
5
What is the highest common divisor of 360 and 84160?
40
Calculate the highest common factor of 27416 and 828.
92
What is the greatest common divisor of 44 and 114092?
44
Calculate the highest common divisor of 133 and 20767.
19
What is the greatest common divisor of 16243 and 1073?
37
Calculate the greatest common factor of 50358 and 33.
33
What is the highest common divisor of 12958 and 98363?
589
Calculate the highest common factor of 180531 and 234.
117
Calculate the greatest common factor of 3925 and 2089670.
785
What is the greatest common divisor of 2553 and 17112?
69
Calculate the greatest common divisor of 62310 and 682.
62
Calculate the highest common divisor of 530970 and 22.
22
Calculate the highest common factor of 1908 and 1530.
18
What is the highest common divisor of 10 and 6022?
2
What is the greatest common divisor of 12934 and 174?
58
What is the highest common divisor of 497780 and 2?
2
What is the highest common factor of 810 and 225200?
10
Calculate the greatest common divisor of 60504 and 432.
24
What is the greatest common divisor of 30085 and 110?
55
Calculate the greatest common divisor of 153505 and 88.
11
What is the greatest common divisor of 143619 and 231?
21
Calculate the highest common factor of 214103 and 7677.
853
What is the greatest common divisor of 13233 and 561?
33
What is the greatest common factor of 35237 and 1336?
167
Calculate the highest common factor of 1175 and 2068.
47
What is the highest common factor of 5075 and 266539?
203
What is the greatest common factor of 75 and 1111175?
25
Calculate the greatest common divisor of 347890 and 380.
190
Calculate the highest common factor of 12 and 93844.
4
Calculate the greatest common factor of 1010375 and 125.
125
What is the greatest common factor of 6451262 and 68?
34
What is the highest common divisor of 702 and 85878?
234
Calculate the greatest common factor of 44 and 3938.
22
Calculate the greatest common factor of 52 and 886054.
26
Calculate the greatest common factor of 111 and 126725.
37
Calculate the highest common factor of 4598336 and 32.
32
What is the greatest common factor of 294287 and 7?
7
Calculate the greatest common factor of 563288 and 14245.
407
Calculate the highest common divisor of 451176 and 198.
66
What is the greatest common divisor of 243 and 120393?
27
What is the highest common divisor of 6665 and 6355?
155
What is the greatest common divisor of 20746 and 2475?
11
Calculate the highest common divisor of 115871 and 49.
7
What is the highest common divisor of 598 and 49933?
299
What is the highest common factor of 260025 and 75?
75
Calculate the greatest common divisor of 117 and 1728.
9
Calculate the highest common factor of 1024 and 47680.
64
Calculate the greatest common divisor of 29903 and 85.
17
What is the greatest common divisor of 34668 and 1404?
108
Calculate the highest common divisor of 135 and 72495.
135
Calculate the greatest common factor of 1600 and 1300.
100
Calculate the greatest common factor of 209807 and 13.
13
Calculate the highest common divisor of 5096747 and 86.
43
What is the highest common factor of 488 and 25986?
122
Calculate the highest common factor of 671 and 21533.
61
What is the greatest common factor of 195 and 1715?
5
What is the greatest common factor of 758 and 54?
2
What is the greatest common divisor of 557838 and 18?
18
Calculate the highest common factor of 20 and 1565.
5
Calculate the greatest common divisor of 12 and 275316.
12
What is the highest common divisor of 7202 and 36231?
13
What is the greatest common divisor of 83995 and 5?
5
Calculate the highest common divisor of 34933 and 6176.
193
What is the highest common factor of 7574 and 10150?
14
Calculate the greatest common factor of 76 and 3895.
19
What is the greatest common divisor of 1450 and 4698?
58
Calculate the greatest common divisor of 26299 and 2821.
91
Calculate the highest common divisor of 1560 and 5290.
10
What is the greatest common factor of 1953 and 13104?
63
What is the highest common factor of 1120 and 8880?
80
Calculate the greatest common factor of 597064 and 104.
104
What is the highest common divisor of 83379 and 75?
3
What is the greatest common factor of 3186589 and 7?
7
What is the greatest common divisor of 57492 and 54?
18
Calculate the highest common factor of 3381050 and 76.
38
What is the greatest common divisor of 513 and 15447?
57
What is the greatest common divisor of 7007 and 379015?
637
Calculate the greatest common divisor of 1599 and 15744.
123
What is the highest common factor of 13 and 3145285?
13
What is the greatest common divisor of 66790 and 90?
10
What is the greatest common divisor of 8144 and 48?
16
What is the greatest common divisor of 739152 and 1392?
1392
What is the greatest common divisor of 421141 and 221?
17
Calculate the highest common divisor of 105 and 366235.
5
Calculate the greatest common factor of 14480 and 335212.
724
What is the highest common factor of 47542 and 396?
22
What is the highest common factor of 76 and 574636?
76
What is the highest common divisor of 177 and 11328?
177
Calculate the highest common factor of 153 and 2934.
9
What is the greatest common divisor of 7776 and 112?
16
Calculate the greatest common factor of 729 and 5517.
9
Calculate the highest common factor of 5202 and 2958.
102
What is the highest common factor of 12 and 974148?
12
Calculate the greatest common divisor of 8388 and 441.
9
What is the greatest common divisor of 540 and 2131380?
540
What is the highest common divisor of 169834 and 42?
14
What is the greatest common factor of 132012 and 180?
36
Calculate the greatest common factor of 52668 and 931.
133
What is the greatest common divisor of 2107 and 363909?
301
What is the greatest common divisor of 43882 and 1850?
74
Calculate the highest common divisor of 91179 and 3267.
297
Calculate the greatest common factor of 66976 and 65884.
364
What is the highest common divisor of 108 and 172017?
27
Calculate the greatest common divisor of 5350 and 8150.
50
Calculate the highest common factor of 17 and 836791.
17
What is the greatest common factor of 20322 and 90?
18
What is the greatest common factor of 106125 and 1500?
375
Calculate the greatest common divisor of 6210 and 1026.
54
Calculate the greatest common divisor of 695 and 2919.
139
What is the greatest common factor of 224 and 100436?
28
Calculate the highest common factor of 3495 and 23533.
233
Calculate the highest common factor of 856 and 8.
8
What is the greatest common factor of 21226 and 2?
2
What is the greatest common divisor of 25112 